{"id":4001,"date":"2024-10-18T10:53:02","date_gmt":"2024-10-18T08:53:02","guid":{"rendered":"https:\/\/www.slovenskyorloj.sk\/?post_type=product&#038;p=4001"},"modified":"2024-10-18T10:54:58","modified_gmt":"2024-10-18T08:54:58","slug":"slovensky-orloj-a-jeho-pribeh","status":"publish","type":"product","link":"https:\/\/www.slovenskyorloj.sk\/?product=slovensky-orloj-a-jeho-pribeh","title":{"rendered":"Slovensk\u00fd orloj a jeho pr\u00edbeh"},"content":{"rendered":"<p>Autor: PhDr. JUDr.\u00a0 J\u00e1n Podmanick\u00fd PhD.<\/p>\n<p>Recenzovali: PhDr. Pavol Hole\u0161tiak, PhD., PhDr. Mari\u00e1n Li\u0161\u010d\u00e1k, PhD., Akad. soch. Marcela Lovi\u0161kov\u00e1<\/p>\n<p>Vydal: Slovakia Art Plus, Star\u00e1 Bystrica 2022<\/p>\n<p>Po\u010det str\u00e1n:\u00a0 191<\/p>\n<p>Cena: 22,-\u20ac<\/p>\n<p>Reprezenta\u010dn\u00e1 publik\u00e1cia Slovensk\u00fd orloj a jeho pr\u00edbeh \u010ditate\u013esky pr\u00ed\u0165a\u017eliv\u00fdm \u0161t\u00fdlom pod\u00e1va ucelen\u00fd obraz o v\u00fdnimo\u010dn\u00fdch momentoch zrodenia tohto origin\u00e1lneho technick\u00e9ho a umeleck\u00e9ho diela. \u010citate\u013e sa tak m\u00f4\u017ee zozn\u00e1mi\u0165 nielen s dejinami obce, v ktorej Slovensk\u00fd orloj vyr\u00fdstol, ale tie\u017e s mno\u017estvom zauj\u00edmav\u00fdch inform\u00e1ci\u00ed, \u00fadajov a epiz\u00f3d, ktor\u00e9 sprev\u00e1dzali okolnosti jeho vzniku. Preh\u013eadn\u00fdm grafick\u00fdm spracovan\u00edm s\u00fa ve\u013emi plasticky pribl\u00ed\u017een\u00e9 aj jednotliv\u00e9 s\u00fa\u010dasti, cifern\u00edky a ukazovate\u013ee astronomick\u00fdch hod\u00edn,v\u010faka \u010domu sa s technick\u00fdmi parametrami orloja m\u00f4\u017ee zozn\u00e1mi\u0165 ka\u017ed\u00fd \u010ditate\u013e.<\/p>\n","protected":false},"excerpt":{"rendered":"<p>Kniha dop\u013a\u0148a penzum pon\u00fakan\u00fdch infom\u00e1ci\u00ed aj pribl\u00ed\u017een\u00edm zauj\u00edmav\u00fdch miest v okolitom regi\u00f3n\u00e9, ktor\u00e9 nepochybne stoja za zapornos\u0165. Mimoriadnym pr\u00ednosom publik\u00e1cie je zdokumentovanie v\u0161etk\u00fdch orlojov a astronomick\u00fdch hod\u00edn v eur\u00f3pskom priestore, \u010do sa doposia\u013e v takomto rozsahu neuskuto\u010dnilo v \u017eiadnom kni\u017enom diele. Kvalitn\u00e9 grafick\u00e9 spracovanie publik\u00e1cie je umocnen\u00e9 mno\u017estvom unik\u00e1tnych fotografick\u00fdch z\u00e1berov viacer\u00fdch v\u00fdnimo\u010dn\u00fdch fotografov.<\/p>\n","protected":false},"featured_media":4011,"comment_status":"open","ping_status":"closed","template":"","meta":[],"_links":{"self":[{"href":"https:\/\/www.slovenskyorloj.sk\/index.php?rest_route=\/wp\/v2\/product\/4001"}],"collection":[{"href":"https:\/\/www.slovenskyorloj.sk\/index.php?rest_route=\/wp\/v2\/product"}],"about":[{"href":"https:\/\/www.slovenskyorloj.sk\/index.php?rest_route=\/wp\/v2\/types\/product"}],"replies":[{"embeddable":true,"href":"https:\/\/www.slovenskyorloj.sk\/index.php?rest_route=%2Fwp%2Fv2%2Fcomments&post=4001"}],"wp:featuredmedia":[{"embeddable":true,"href":"https:\/\/www.slovenskyorloj.sk\/index.php?rest_route=\/wp\/v2\/media\/4011"}],"wp:attachment":[{"href":"https:\/\/www.slovenskyorloj.sk\/index.php?rest_route=%2Fwp%2Fv2%2Fmedia&parent=4001"}],"curies":[{"name":"wp","href":"https:\/\/api.w.org\/{rel}","templated":true}]}}