{"id":3153,"date":"2020-04-07T14:28:07","date_gmt":"2020-04-07T12:28:07","guid":{"rendered":"https:\/\/www.slovenskyorloj.sk\/?post_type=product&#038;p=3153"},"modified":"2020-09-14T11:00:16","modified_gmt":"2020-09-14T09:00:16","slug":"magnetka-slovensky-orloj-typ-24","status":"publish","type":"product","link":"https:\/\/www.slovenskyorloj.sk\/?product=magnetka-slovensky-orloj-typ-24","title":{"rendered":"Magnetka Slovensk\u00fd Orloj typ 24"},"content":{"rendered":"<p>\u0160t\u00fdlov\u00e1 magnetka Slovensk\u00e9ho orloja v Starej Bystrici.<\/p>\n","protected":false},"excerpt":{"rendered":"<p>\u0160t\u00fdlov\u00e1 magnetka Slovensk\u00e9ho orloja v Starej Bystrici.<\/p>\n","protected":false},"featured_media":3175,"comment_status":"open","ping_status":"closed","template":"","meta":[],"_links":{"self":[{"href":"https:\/\/www.slovenskyorloj.sk\/index.php?rest_route=\/wp\/v2\/product\/3153"}],"collection":[{"href":"https:\/\/www.slovenskyorloj.sk\/index.php?rest_route=\/wp\/v2\/product"}],"about":[{"href":"https:\/\/www.slovenskyorloj.sk\/index.php?rest_route=\/wp\/v2\/types\/product"}],"replies":[{"embeddable":true,"href":"https:\/\/www.slovenskyorloj.sk\/index.php?rest_route=%2Fwp%2Fv2%2Fcomments&post=3153"}],"wp:featuredmedia":[{"embeddable":true,"href":"https:\/\/www.slovenskyorloj.sk\/index.php?rest_route=\/wp\/v2\/media\/3175"}],"wp:attachment":[{"href":"https:\/\/www.slovenskyorloj.sk\/index.php?rest_route=%2Fwp%2Fv2%2Fmedia&parent=3153"}],"curies":[{"name":"wp","href":"https:\/\/api.w.org\/{rel}","templated":true}]}}