{"id":3009,"date":"2020-04-05T12:02:43","date_gmt":"2020-04-05T10:02:43","guid":{"rendered":"https:\/\/www.slovenskyorloj.sk\/?post_type=product&#038;p=3009"},"modified":"2023-05-29T15:01:12","modified_gmt":"2023-05-29T13:01:12","slug":"tricko-damske-s-ludovym-motivom-vzor-3","status":"publish","type":"product","link":"https:\/\/www.slovenskyorloj.sk\/?product=tricko-damske-s-ludovym-motivom-vzor-3","title":{"rendered":"Tri\u010dko d\u00e1mske s \u013eudov\u00fdm mot\u00edvom vzor 3"},"content":{"rendered":"<p><strong>Z\u00e1kladn\u00e9 inform\u00e1cie o produkte:<\/strong><\/p>\n<p>\u2022 z\u013eahka vypasovan\u00fd strih s bo\u010dn\u00fdmi \u0161vami<br \/>\n\u2022 preh\u013aben\u00fd v\u00fdstrih vo tvare V<br \/>\n\u2022 \u00fazky lem priekr\u010dn\u00edka z povrchov\u00e9ho materi\u00e1lu s 5 % elastanu<br \/>\n\u2022 vn\u00fatorn\u00e1 \u010das\u0165 priekr\u010dn\u00edka za\u010disten\u00e1 p\u00e1skou z povrchov\u00e9ho materi\u00e1lu<br \/>\n\u2022 spevnenie ramenn\u00fdch \u0161vov p\u00e1skou<br \/>\n\u2022 ruk\u00e1vy krat\u0161ej d\u013a\u017eky<br \/>\n\u2022 silik\u00f3nov\u00e1 \u00faprava<br \/>\n\u2022 malfini \u2013 Fit V-neck 162<\/p>\n","protected":false},"excerpt":{"rendered":"<p>Z\u00e1kladn\u00e9 inform\u00e1cie o produkte: \u2022 z\u013eahka vypasovan\u00fd strih s bo\u010dn\u00fdmi \u0161vami \u2022 preh\u013aben\u00fd v\u00fdstrih vo tvare V \u2022 \u00fazky lem priekr\u010dn\u00edka z povrchov\u00e9ho materi\u00e1lu s 5 % elastanu \u2022 vn\u00fatorn\u00e1 \u010das\u0165 priekr\u010dn\u00edka za\u010disten\u00e1 p\u00e1skou z povrchov\u00e9ho materi\u00e1lu \u2022 spevnenie ramenn\u00fdch \u0161vov p\u00e1skou \u2022 ruk\u00e1vy krat\u0161ej d\u013a\u017eky \u2022 silik\u00f3nov\u00e1 \u00faprava \u2022 malfini \u2013 Fit V-neck 162<\/p>\n","protected":false},"featured_media":3522,"comment_status":"open","ping_status":"closed","template":"","meta":[],"_links":{"self":[{"href":"https:\/\/www.slovenskyorloj.sk\/index.php?rest_route=\/wp\/v2\/product\/3009"}],"collection":[{"href":"https:\/\/www.slovenskyorloj.sk\/index.php?rest_route=\/wp\/v2\/product"}],"about":[{"href":"https:\/\/www.slovenskyorloj.sk\/index.php?rest_route=\/wp\/v2\/types\/product"}],"replies":[{"embeddable":true,"href":"https:\/\/www.slovenskyorloj.sk\/index.php?rest_route=%2Fwp%2Fv2%2Fcomments&post=3009"}],"wp:featuredmedia":[{"embeddable":true,"href":"https:\/\/www.slovenskyorloj.sk\/index.php?rest_route=\/wp\/v2\/media\/3522"}],"wp:attachment":[{"href":"https:\/\/www.slovenskyorloj.sk\/index.php?rest_route=%2Fwp%2Fv2%2Fmedia&parent=3009"}],"curies":[{"name":"wp","href":"https:\/\/api.w.org\/{rel}","templated":true}]}}