{"id":2969,"date":"2020-04-04T10:28:37","date_gmt":"2020-04-04T08:28:37","guid":{"rendered":"https:\/\/www.slovenskyorloj.sk\/?post_type=product&#038;p=2969"},"modified":"2024-07-02T02:50:55","modified_gmt":"2024-07-02T00:50:55","slug":"tricko-damske-s-ludovym-motivom-vzor-1","status":"publish","type":"product","link":"https:\/\/www.slovenskyorloj.sk\/?product=tricko-damske-s-ludovym-motivom-vzor-1","title":{"rendered":"Tri\u010dko d\u00e1mske s \u013eudov\u00fdm mot\u00edvom vzor 1"},"content":{"rendered":"<p style=\"text-align: left;\"><strong>Z\u00e1kladn\u00e9 inform\u00e1cie o produkte:<\/strong><\/p>\n<p style=\"text-align: left;\">\u2022 z\u013eahka vypasovan\u00fd strih s bo\u010dn\u00fdmi \u0161vami<br \/>\n\u2022 preh\u013aben\u00fd v\u00fdstrih vo tvare V<br \/>\n\u2022 \u00fazky lem priekr\u010dn\u00edka z povrchov\u00e9ho materi\u00e1lu s 5 % elastanu<br \/>\n\u2022 vn\u00fatorn\u00e1 \u010das\u0165 priekr\u010dn\u00edka za\u010disten\u00e1 p\u00e1skou z povrchov\u00e9ho materi\u00e1lu<br \/>\n\u2022 spevnenie ramenn\u00fdch \u0161vov p\u00e1skou<br \/>\n\u2022 ruk\u00e1vy krat\u0161ej d\u013a\u017eky<br \/>\n\u2022 silik\u00f3nov\u00e1 \u00faprava<br \/>\n\u2022 malfini \u2013 Fit V-neck 162<\/p>\n","protected":false},"excerpt":{"rendered":"<p>\u0160t\u00fdlov\u00e9 tri\u010dko s \u013eudov\u00fdm mot\u00edvom.<\/p>\n","protected":false},"featured_media":3524,"comment_status":"open","ping_status":"closed","template":"","meta":[],"_links":{"self":[{"href":"https:\/\/www.slovenskyorloj.sk\/index.php?rest_route=\/wp\/v2\/product\/2969"}],"collection":[{"href":"https:\/\/www.slovenskyorloj.sk\/index.php?rest_route=\/wp\/v2\/product"}],"about":[{"href":"https:\/\/www.slovenskyorloj.sk\/index.php?rest_route=\/wp\/v2\/types\/product"}],"replies":[{"embeddable":true,"href":"https:\/\/www.slovenskyorloj.sk\/index.php?rest_route=%2Fwp%2Fv2%2Fcomments&post=2969"}],"wp:featuredmedia":[{"embeddable":true,"href":"https:\/\/www.slovenskyorloj.sk\/index.php?rest_route=\/wp\/v2\/media\/3524"}],"wp:attachment":[{"href":"https:\/\/www.slovenskyorloj.sk\/index.php?rest_route=%2Fwp%2Fv2%2Fmedia&parent=2969"}],"curies":[{"name":"wp","href":"https:\/\/api.w.org\/{rel}","templated":true}]}}

Tričko dámske s ľudovým motívom vzor 1

<p style="text-align: left;"><strong>Základné informácie o produkte:</strong></p>
<p style="text-align: left;">• zľahka vypasovaný strih s bočnými švami<br />
• prehĺbený výstrih vo tvare V<br />
• úzky lem priekrčníka z povrchového materiálu s 5 % elastanu<br />
• vnútorná časť priekrčníka začistená páskou z povrchového materiálu<br />
• spevnenie ramenných švov páskou<br />
• rukávy kratšej dĺžky<br />
• silikónová úprava<br />
• malfini – Fit V-neck 162</p>

<p>Štýlové tričko s ľudovým motívom.</p>
