{"id":2910,"date":"2020-04-01T12:37:01","date_gmt":"2020-04-01T10:37:01","guid":{"rendered":"https:\/\/www.slovenskyorloj.sk\/?post_type=product&#038;p=2910"},"modified":"2025-09-29T04:57:21","modified_gmt":"2025-09-29T02:57:21","slug":"bavlnena-ekologicka-taska-s-ludovym-motivom-modra-potlac-vzor-2","status":"publish","type":"product","link":"https:\/\/www.slovenskyorloj.sk\/?product=bavlnena-ekologicka-taska-s-ludovym-motivom-modra-potlac-vzor-2","title":{"rendered":"Bavlnen\u00e1 ekologick\u00e1 ta\u0161ka s \u013eudov\u00fdm mot\u00edvom, modr\u00e1 potla\u010d, vzor 2"},"content":{"rendered":"<ul>\n<li><strong>Materi\u00e1l:<\/strong> 100 % bavlna<\/li>\n<li><strong>Farba:<\/strong> pr\u00edrodn\u00e1 \u013eanov\u00e1 farba<\/li>\n<li><strong>Potla\u010d:<\/strong> modr\u00fd \u013eudov\u00fd mot\u00edv<\/li>\n<li><strong>Rozmery ta\u0161ky:<\/strong> 40 \u00d7 38 cm<\/li>\n<li><strong>Rozmery u\u0161\u00ed:<\/strong> 2 \u00d7 70 \u00d7 2,5 cm<\/li>\n<li><strong>\u00dadr\u017eba:<\/strong> Pra\u0165 pri max. 30 \u00b0C, \u017eehlenie \u00e1no<\/li>\n<li><strong>Vhodn\u00e1 na ka\u017edodenn\u00e9 nosenie<\/strong> a nakupovanie<\/li>\n<li>Ekologick\u00e1 ta\u0161ka vyjadruje zodpovednej\u0161ie spr\u00e1vanie vo\u010di \u017eivotn\u00e9mu prostrediu.<\/li>\n<\/ul>\n","protected":false},"excerpt":{"rendered":"<p>Materi\u00e1l: 100 % bavlna Farba: pr\u00edrodn\u00e1 \u013eanov\u00e1 farba Potla\u010d: modr\u00fd \u013eudov\u00fd mot\u00edv Rozmery ta\u0161ky: 40 \u00d7 38 cm Rozmery u\u0161\u00ed: 2 \u00d7 70 \u00d7 2,5 cm \u00dadr\u017eba: Pra\u0165 pri max. 30 \u00b0C, \u017eehlenie \u00e1no Vhodn\u00e1 na ka\u017edodenn\u00e9 nosenie a nakupovanie Ekologick\u00e1 ta\u0161ka vyjadruje zodpovednej\u0161ie spr\u00e1vanie vo\u010di \u017eivotn\u00e9mu prostrediu.<\/p>\n","protected":false},"featured_media":3400,"comment_status":"open","ping_status":"closed","template":"","meta":[],"_links":{"self":[{"href":"https:\/\/www.slovenskyorloj.sk\/index.php?rest_route=\/wp\/v2\/product\/2910"}],"collection":[{"href":"https:\/\/www.slovenskyorloj.sk\/index.php?rest_route=\/wp\/v2\/product"}],"about":[{"href":"https:\/\/www.slovenskyorloj.sk\/index.php?rest_route=\/wp\/v2\/types\/product"}],"replies":[{"embeddable":true,"href":"https:\/\/www.slovenskyorloj.sk\/index.php?rest_route=%2Fwp%2Fv2%2Fcomments&post=2910"}],"wp:featuredmedia":[{"embeddable":true,"href":"https:\/\/www.slovenskyorloj.sk\/index.php?rest_route=\/wp\/v2\/media\/3400"}],"wp:attachment":[{"href":"https:\/\/www.slovenskyorloj.sk\/index.php?rest_route=%2Fwp%2Fv2%2Fmedia&parent=2910"}],"curies":[{"name":"wp","href":"https:\/\/api.w.org\/{rel}","templated":true}]}}