{"id":2853,"date":"2020-03-31T14:15:19","date_gmt":"2020-03-31T12:15:19","guid":{"rendered":"https:\/\/www.slovenskyorloj.sk\/?post_type=product&#038;p=2853"},"modified":"2024-11-05T06:59:34","modified_gmt":"2024-11-05T05:59:34","slug":"stara-bystrica-a-okolie","status":"publish","type":"product","link":"https:\/\/www.slovenskyorloj.sk\/?product=stara-bystrica-a-okolie","title":{"rendered":"Star\u00e1 Bystrica a okolie"},"content":{"rendered":"<p>Autori:\u00a0\u00a0\u00a0\u00a0\u00a0\u00a0\u00a0\u00a0\u00a0\u00a0\u00a0\u00a0\u00a0\u00a0\u00a0\u00a0\u00a0\u00a0\u00a0\u00a0\u00a0\u00a0\u00a0\u00a0\u00a0\u00a0\u00a0\u00a0\u00a0\u00a0\u00a0\u00a0 Osk\u00e1r Dubovick\u00fd, J\u00e1n Podmanick\u00fd<\/p>\n<p>Rok vydania:\u00a0\u00a0\u00a0\u00a0\u00a0\u00a0\u00a0\u00a0\u00a0\u00a0\u00a0\u00a0\u00a0\u00a0\u00a0\u00a0\u00a0\u00a0\u00a0\u00a0\u00a0 2016<\/p>\n<p>Jazyk:\u00a0\u00a0\u00a0\u00a0\u00a0\u00a0\u00a0\u00a0\u00a0\u00a0\u00a0\u00a0\u00a0\u00a0\u00a0\u00a0\u00a0\u00a0\u00a0\u00a0\u00a0\u00a0\u00a0\u00a0\u00a0\u00a0\u00a0\u00a0\u00a0\u00a0\u00a0\u00a0\u00a0 Slovensk\u00fd<\/p>\n<p>Po\u010det str\u00e1n:\u00a0\u00a0\u00a0\u00a0\u00a0\u00a0\u00a0\u00a0\u00a0\u00a0\u00a0\u00a0\u00a0\u00a0\u00a0\u00a0\u00a0\u00a0\u00a0\u00a0\u00a0\u00a0\u00a0 651<\/p>\n<p>Cena:\u00a0 \u00a0 \u00a0 \u00a0 \u00a0 \u00a0 \u00a0 \u00a0 \u00a0 \u00a0 \u00a0 \u00a0 \u00a0 \u00a0 \u00a0 \u00a0 \u00a0 \u00a026 <strong>\u20ac<\/strong><\/p>\n<p>Vydavate\u013estvo: (c) Slovakia Art Plus, o.z., Star\u00e1 Bystrica 2016<\/p>\n<p>Kniha z\u00edskala prv\u00fa cenu v kateg\u00f3ri\u00ed monografi\u00ed obc\u00ed v celoslovenskej s\u00fa\u0165a\u017ei Slovensk\u00e1 kronika 1999<\/p>\n<p>&nbsp;<\/p>\n<p><strong>Popis produktu<\/strong><\/p>\n<p>\u201eStar\u00e1 Bystrica patr\u00ed odd\u00e1vna medzi popredn\u00e9 kysuck\u00e9 obce. Jej bohat\u00fd historick\u00fd v\u00fdvoj priaznivo vpl\u00fdval na okolit\u00e9 dianie a jej \u017eiv\u00e1 kult\u00fara jasne sved\u010dila o hlbokom a citlivom srdci, ktor\u00e9 bilo v hrudi starobystrick\u00e9ho \u010dloveka. Napriek nepriazni vonkaj\u0161\u00edch podmienok a \u0165a\u017ek\u00e9mu hospod\u00e1rskemu nedostatku \u013eudia nestr\u00e1cali n\u00e1dej v kraj\u0161iu bud\u00facnos\u0165 a spravodlivej\u0161iu spolo\u010dnos\u0165. A tak sa cel\u00e9 st\u00e1ro\u010dia trpezlivo borili \u017eivotom, aby vybudovali miesto, ktor\u00e9 ich deti dnes volaj\u00fa \u201esvoj\u00edm domovom\u201c. \u010casy sa s\u00edce zmenili a krajina nadobudla nov\u00fa tv\u00e1r. Ale nie\u010do zostalo rovnak\u00e9 \u2013 \u010dlovek, ktor\u00fd nesie v sebe dedi\u010dstvo svojich predkov a prid\u00e1va k nemu nov\u00e9 klenoty. Z nich bud\u00fa \u017ei\u0165 \u010fal\u0161ie\u00a0 ratolesti na rodostrome \u017eivota.\u201c DUBOVICK\u00dd O., PODMANICK\u00dd J., Star\u00e1 Bystrica a okolie.<\/p>\n","protected":false},"excerpt":{"rendered":"<p>Star\u00e1 Bystrica patr\u00ed odd\u00e1vna medzi popredn\u00e9 kysuck\u00e9 obce. Jej bohat\u00fd historick\u00fd v\u00fdvoj priaznivo vpl\u00fdval na okolit\u00e9 dianie a jej \u017eiv\u00e1 kult\u00fara jasne sved\u010dila o hlbokom a citlivom srdci, ktor\u00e9 bilo v hrudi starobystrick\u00e9ho \u010dloveka. Napriek nepriazni vonkaj\u0161\u00edch podmienok a \u0165a\u017ek\u00e9mu hospod\u00e1rskemu nedostatku \u013eudia nestr\u00e1cali n\u00e1dej v kraj\u0161iu bud\u00facnos\u0165 a spravodlivej\u0161iu spolo\u010dnos\u0165. A tak sa cel\u00e9 st\u00e1ro\u010dia trpezlivo borili \u017eivotom, aby vybudovali miesto, ktor\u00e9 ich deti dnes volaj\u00fa \u201esvoj\u00edm domovom\u201c. \u010casy sa s\u00edce zmenili a krajina nadobudla nov\u00fa tv\u00e1r. Ale nie\u010do zostalo rovnak\u00e9 \u2013 \u010dlovek, ktor\u00fd nesie v sebe dedi\u010dstvo svojich predkov a prid\u00e1va k nemu nov\u00e9 klenoty. Z nich bud\u00fa \u017ei\u0165 \u010fal\u0161ie ratolesti na rodostrome \u017eivota.\u201c DUBOVICK\u00dd O., PODMANICK\u00dd J., Star\u00e1 Bystrica a okolie.<\/p>\n","protected":false},"featured_media":3239,"comment_status":"open","ping_status":"closed","template":"","meta":[],"_links":{"self":[{"href":"https:\/\/www.slovenskyorloj.sk\/index.php?rest_route=\/wp\/v2\/product\/2853"}],"collection":[{"href":"https:\/\/www.slovenskyorloj.sk\/index.php?rest_route=\/wp\/v2\/product"}],"about":[{"href":"https:\/\/www.slovenskyorloj.sk\/index.php?rest_route=\/wp\/v2\/types\/product"}],"replies":[{"embeddable":true,"href":"https:\/\/www.slovenskyorloj.sk\/index.php?rest_route=%2Fwp%2Fv2%2Fcomments&post=2853"}],"wp:featuredmedia":[{"embeddable":true,"href":"https:\/\/www.slovenskyorloj.sk\/index.php?rest_route=\/wp\/v2\/media\/3239"}],"wp:attachment":[{"href":"https:\/\/www.slovenskyorloj.sk\/index.php?rest_route=%2Fwp%2Fv2%2Fmedia&parent=2853"}],"curies":[{"name":"wp","href":"https:\/\/api.w.org\/{rel}","templated":true}]}}

Stará Bystrica a okolie

<p>Autori:                                 Oskár Dubovický, Ján Podmanický</p>
<p>Rok vydania:                      2016</p>
<p>Jazyk:                                  Slovenský</p>
<p>Počet strán:                        651</p>
<p>Cena:                                   26 <strong>€</strong></p>
<p>Vydavateľstvo: (c) Slovakia Art Plus, o.z., Stará Bystrica 2016</p>
<p>Kniha získala prvú cenu v kategórií monografií obcí v celoslovenskej súťaži Slovenská kronika 1999</p>
<p>&nbsp;</p>
<p><strong>Popis produktu</strong></p>
<p>„Stará Bystrica patrí oddávna medzi popredné kysucké obce. Jej bohatý historický vývoj priaznivo vplýval na okolité dianie a jej živá kultúra jasne svedčila o hlbokom a citlivom srdci, ktoré bilo v hrudi starobystrického človeka. Napriek nepriazni vonkajších podmienok a ťažkému hospodárskemu nedostatku ľudia nestrácali nádej v krajšiu budúcnosť a spravodlivejšiu spoločnosť. A tak sa celé stáročia trpezlivo borili životom, aby vybudovali miesto, ktoré ich deti dnes volajú „svojím domovom“. Časy sa síce zmenili a krajina nadobudla novú tvár. Ale niečo zostalo rovnaké – človek, ktorý nesie v sebe dedičstvo svojich predkov a pridáva k nemu nové klenoty. Z nich budú žiť ďalšie  ratolesti na rodostrome života.“ DUBOVICKÝ O., PODMANICKÝ J., Stará Bystrica a okolie.</p>

<p>Stará Bystrica patrí oddávna medzi popredné kysucké obce. Jej bohatý historický vývoj priaznivo vplýval na okolité dianie a jej živá kultúra jasne svedčila o hlbokom a citlivom srdci, ktoré bilo v hrudi starobystrického človeka. Napriek nepriazni vonkajších podmienok a ťažkému hospodárskemu nedostatku ľudia nestrácali nádej v krajšiu budúcnosť a spravodlivejšiu spoločnosť. A tak sa celé stáročia trpezlivo borili životom, aby vybudovali miesto, ktoré ich deti dnes volajú „svojím domovom“. Časy sa síce zmenili a krajina nadobudla novú tvár. Ale niečo zostalo rovnaké – človek, ktorý nesie v sebe dedičstvo svojich predkov a pridáva k nemu nové klenoty. Z nich budú žiť ďalšie ratolesti na rodostrome života.“ DUBOVICKÝ O., PODMANICKÝ J., Stará Bystrica a okolie.</p>
