{"id":2781,"date":"2020-01-16T10:06:42","date_gmt":"2020-01-16T09:06:42","guid":{"rendered":"https:\/\/www.slovenskyorloj.sk\/?post_type=product&#038;p=2781"},"modified":"2025-04-11T17:30:05","modified_gmt":"2025-04-11T15:30:05","slug":"kniha-kysucke-povesti-jan-podmanicky","status":"publish","type":"product","link":"https:\/\/www.slovenskyorloj.sk\/?product=kniha-kysucke-povesti-jan-podmanicky","title":{"rendered":"Kniha Kysuck\u00e9 povesti J\u00e1n Podmanick\u00fd"},"content":{"rendered":"<p>Autor:\u00a0\u00a0\u00a0\u00a0\u00a0\u00a0\u00a0\u00a0\u00a0\u00a0\u00a0\u00a0\u00a0\u00a0\u00a0\u00a0\u00a0 J\u00e1n Podmanick\u00fd<\/p>\n<p>Ilustroval:\u00a0\u00a0\u00a0\u00a0\u00a0\u00a0\u00a0\u00a0\u00a0\u00a0 Milo\u0161 Kopt\u00e1k<\/p>\n<p>Vydavate\u013estvo :\u00a0 Vydavate\u013estvo Matice Slovenskej 2017<\/p>\n<p>Po\u010det str\u00e1n:\u00a0\u00a0\u00a0\u00a0\u00a0\u00a0\u00a0 228<\/p>\n<p>Jazyk:\u00a0\u00a0\u00a0\u00a0\u00a0\u00a0\u00a0\u00a0\u00a0\u00a0\u00a0\u00a0\u00a0\u00a0\u00a0\u00a0\u00a0 Slovensk\u00fd<\/p>\n<p>Cena:\u00a0\u00a0\u00a0\u00a0\u00a0\u00a0\u00a0\u00a0\u00a0\u00a0\u00a0\u00a0\u00a0\u00a0\u00a0\u00a0 \u00a0 12,- \u20ac<\/p>\n<p>&nbsp;<\/p>\n<p><strong>Viac o knihe:<\/strong><\/p>\n<p style=\"text-align: left;\">V druhom, upravenom vydan\u00ed autor poz\u00fdva na prech\u00e1dzku drsn\u00fdm, ale \u010darokr\u00e1snym krajom pozd\u013a\u017e rieky Kysuce. Prezrad\u00ed d\u00e1vne tajomstvo devy, \u010do sa stala riekou. I ten takmer zabudnut\u00fd pr\u00edbeh, ako sv\u00e4t\u00fd Metod nav\u0161t\u00edvil tento kraj a l\u00e1skav\u00fa dc\u00e9ru krut\u00e9ho Sabora. Aj o kysuckej kr\u00e1savici v\u00e1m porozpr\u00e1va, do ktorej sa tat\u00e1rsky tlmo\u010dn\u00edk za\u013e\u00fabil. O bezcitnom Harn\u00e1\u010fovi, o povestn\u00fdch l\u00fape\u017en\u00fdch rytieroch Podmanick\u00fdch, o stra\u0161n\u00fdch veciach, \u010do sa pred vekmi udiali na Holom diele. Rozpovie aj legendu o sv\u00e4tom smreku, po\u0161u\u0161k\u00e1, ako kras\u0148ansk\u00fd far\u00e1r vymenil kostol za kostol, ako Franc\u00faz Kysu\u010danovi \u017eivot zachr\u00e1nil a mnoho \u010fal\u0161\u00edch tajomstiev b\u00e1jneho kraja.<\/p>\n","protected":false},"excerpt":{"rendered":"<p>V druhom, upravenom vydan\u00ed autor poz\u00fdva na prech\u00e1dzku drsn\u00fdm, ale \u010darokr\u00e1snym krajom pozd\u013a\u017e rieky Kysuce. Prezrad\u00ed d\u00e1vne tajomstvo devy, \u010do sa stala riekou. I ten takmer zabudnut\u00fd pr\u00edbeh, ako sv\u00e4t\u00fd Metod nav\u0161t\u00edvil tento kraj a l\u00e1skav\u00fa dc\u00e9ru krut\u00e9ho Sabora. Aj o kysuckej kr\u00e1savici v\u00e1m porozpr\u00e1va, do ktorej sa tat\u00e1rsky tlmo\u010dn\u00edk za\u013e\u00fabil. O bezcitnom Harn\u00e1\u010fovi, o povestn\u00fdch l\u00fape\u017en\u00fdch rytieroch Podmanick\u00fdch, o stra\u0161n\u00fdch veciach, \u010do sa pred vekmi udiali na Holom diele. Rozpovie aj legendu o sv\u00e4tom smreku, po\u0161u\u0161k\u00e1, ako kras\u0148ansk\u00fd far\u00e1r vymenil kostol za kostol, ako Franc\u00faz Kysu\u010danovi \u017eivot zachr\u00e1nil a mnoho \u010fal\u0161\u00edch tajomstiev b\u00e1jneho kraja.<\/p>\n<p>Autor: J\u00e1n Podmanick\u00fd<\/p>\n<p>Ilustroval: Milo\u0161 Kopt\u00e1k<\/p>\n","protected":false},"featured_media":3244,"comment_status":"open","ping_status":"closed","template":"","meta":[],"_links":{"self":[{"href":"https:\/\/www.slovenskyorloj.sk\/index.php?rest_route=\/wp\/v2\/product\/2781"}],"collection":[{"href":"https:\/\/www.slovenskyorloj.sk\/index.php?rest_route=\/wp\/v2\/product"}],"about":[{"href":"https:\/\/www.slovenskyorloj.sk\/index.php?rest_route=\/wp\/v2\/types\/product"}],"replies":[{"embeddable":true,"href":"https:\/\/www.slovenskyorloj.sk\/index.php?rest_route=%2Fwp%2Fv2%2Fcomments&post=2781"}],"wp:featuredmedia":[{"embeddable":true,"href":"https:\/\/www.slovenskyorloj.sk\/index.php?rest_route=\/wp\/v2\/media\/3244"}],"wp:attachment":[{"href":"https:\/\/www.slovenskyorloj.sk\/index.php?rest_route=%2Fwp%2Fv2%2Fmedia&parent=2781"}],"curies":[{"name":"wp","href":"https:\/\/api.w.org\/{rel}","templated":true}]}}