{"id":414,"date":"2017-12-21T09:00:47","date_gmt":"2017-12-21T09:00:47","guid":{"rendered":"https:\/\/websitedemos.net\/brandstore-04\/?page_id=414"},"modified":"2020-06-30T10:28:16","modified_gmt":"2020-06-30T08:28:16","slug":"contact-us","status":"publish","type":"page","link":"https:\/\/www.slovenskyorloj.sk\/?page_id=414","title":{"rendered":"Contact Us"},"content":{"rendered":"\n\t<h1>Kontakt<\/h1>\n\t<h3>\n\t\t\t\t\tM\u00c1TE Z\u00c1UJEM O VIAC INFORM\u00c1CI\u00cd?\n\t\t\t\t<\/h3>\n\t\t\t<p>Nev\u00e1hajte n\u00e1s kontaktova\u0165.<\/p><strong>Turistick\u00e9 centrum pod Orlojom, s.r.o.<\/strong><br \/><br \/>R\u00ednok sv. michala Archanjela \u010d. 537023\u00a0 04 Star\u00e1 Bystrica\u00a0E-mail : <a href=\"mailto:obchod@podorlojom.sk\">obchod@podorlojom.sk<\/a>\u00a0tel: +421 948 668 099\t\t\n","protected":false},"excerpt":{"rendered":"<p>Kontakt M\u00c1TE Z\u00c1UJEM O VIAC INFORM\u00c1CI\u00cd? Nev\u00e1hajte n\u00e1s kontaktova\u0165. Turistick\u00e9 centrum pod Orlojom, s.r.o. R\u00ednok sv. michala Archanjela \u010d. 537023\u00a0 04 Star\u00e1 Bystrica\u00a0E-mail : obchod@podorlojom.sk\u00a0tel: +421 948 668 099<\/p>\n","protected":false},"author":1,"featured_media":0,"parent":0,"menu_order":0,"comment_status":"closed","ping_status":"closed","template":"","meta":[],"_links":{"self":[{"href":"https:\/\/www.slovenskyorloj.sk\/index.php?rest_route=\/wp\/v2\/pages\/414"}],"collection":[{"href":"https:\/\/www.slovenskyorloj.sk\/index.php?rest_route=\/wp\/v2\/pages"}],"about":[{"href":"https:\/\/www.slovenskyorloj.sk\/index.php?rest_route=\/wp\/v2\/types\/page"}],"author":[{"embeddable":true,"href":"https:\/\/www.slovenskyorloj.sk\/index.php?rest_route=\/wp\/v2\/users\/1"}],"replies":[{"embeddable":true,"href":"https:\/\/www.slovenskyorloj.sk\/index.php?rest_route=%2Fwp%2Fv2%2Fcomments&post=414"}],"version-history":[{"count":4,"href":"https:\/\/www.slovenskyorloj.sk\/index.php?rest_route=\/wp\/v2\/pages\/414\/revisions"}],"predecessor-version":[{"id":3165,"href":"https:\/\/www.slovenskyorloj.sk\/index.php?rest_route=\/wp\/v2\/pages\/414\/revisions\/3165"}],"wp:attachment":[{"href":"https:\/\/www.slovenskyorloj.sk\/index.php?rest_route=%2Fwp%2Fv2%2Fmedia&parent=414"}],"curies":[{"name":"wp","href":"https:\/\/api.w.org\/{rel}","templated":true}]}}